).
-160
Let c(z) = -12*z**3 - 250*z**2 + 490*z. Calculate c(2).
-116
Let q(m) = 8021*m + 986584. Calculate q(-123).
1
Let x(i) = 19*i**2 + 347*i - 1769. Give x(4).
-77
Let y(g) = -256*g**3 + 4*g**2 + 16*g + 22. What is y(-2)?
2054
Let t(u) = u**2 - 1109*u - 73779. Give t(-63).
57
Let x(k) = k**3 + 61*k**2 - 4485*k + 559. Give x(43).
0
Let p(h) = -1112*h + 3339. Determine p(3).
3
Let x(k) = -5479783*k + 10959561. Determine x(2).
-5
Let i(c) = 16573*c - 265132. Give i(16).
36
Let p(h) = -75148*h + 2705327. Give p(36).
-1
Let w(t) = 324*t**2 - 461*t + 28. Calculate w(2).
402
Let c(v) = -274*v + 65154. What is c(237)?
216
Let k(w) = w**2 + 1803*w + 75606. Determine k(-43).
-74
Let b(h) = -h**3 - 28*h**2 + 75*h + 1714. Calculate b(-27).
-1040
Let j(b) = -15*b**2 - 452*b + 918. Give j(-32).
22
Let p(a) = 27412*a + 4824531. Determine p(-176).
19
Let v(h) = -4*h**2 + 3080*h - 190941. Give v(702).
3
Let b(t) = -46*t - 1603. What is b(-20)?
-683
Let d(s) = s**3 + 8*s**2 - 432*s - 875. What is d(-2)?
13
Let d(s) = s**3 + 33*s**2 + 8*s + 335. Determine d(-34).
-1093
Let p(g) = 764*g + 51506. Give p(-67).
318
Let i(h) = -75*h**2 + 890*h - 892. Determine i(1).
-77
Let r(y) = -191874*y - 767480. Determine r(-4).
16
Let k(j) = -j**3 + 367*j**2 + 23730*j - 17750. What is k(423)?
16
Let h(g) = -2*g**3 - 874*g**2 + 11714*g + 6303. What is h(-450)?
3
Let u(l) = 4*l**2 - 6275017*l - 12550039. What is u(-2)?
11
Let a(x) = -x**3 + 22*x**2 + 80*x - 808. What is a(24)?
-40
Let b(t) = -2329*t + 130439. Give b(56).
15
Let s(n) = -13*n**2 + 19*n - 265. Calculate s(12).
-1909
Let f(h) = 33718*h + 539400. What is f(-16)?
-88
Let g(d) = -d**3 + 19*d**2 - 41*d + 11. What is g(18)?
-403
Let d(b) = 180*b + 4355. Determine d(-28).
-685
Let z(c) = -3*c**2 + 11350*c - 56705. Determine z(5).
-30
Let m(t) = -6*t**3 - 76*t**2 - 44*t - 213. Give m(-10).
-1373
Let k(y) = 13*y**3 - 147*y**2 - 1098*y - 185. Give k(-5).
5
Let t(r) = 13549*r + 718257. What is t(-53)?
160
Let z(y) = -12*y - 118. What is z(-103)?
1118
Let t(n) = -2*n**2 - 10272*n + 41121. Give t(4).
1
Let g(q) = -q**2 - 232*q - 12519. What is g(-62)?
-1979
Let o(i) = 5*i**3 - 15*i**2 - 6*i + 16. What is o(-6)?
-1568
Let g(n) = -399*n - 16499. Determine g(-42).
259
Let y(p) = -41*p**2 + 818*p - 173. What is y(24)?
-4157
Let i(y) = 17561*y - 684801. What is i(39)?
78
Let f(i) = -i**3 - 39*i**2 + 113*i + 1131. Give f(-41).
-140
Let o(y) = -y**3 - 287*y**2 + 2203*y + 302344. Give o(-291).
-5
Let j(h) = -3*h**2 + 207*h + 1105. Give j(72).
457
Let g(f) = -2*f**3 - 1850*f**2 - 9042*f + 812. Give g(-5).
22
Let p(v) = -2*v**2 + 89*v + 1074. Determine p(55).
-81
Let z(b) = 3*b**3 + 83*b**2 + 405*b - 135. Calculate z(-7).
68
Let p(d) = 953*d + 186742. Give p(-196).
-46
Let p(j) = 66*j**2 + 7810*j + 86280. What is p(-106)?
-4
Let t(f) = 33*f**2 - 253*f + 241. Calculate t(6).
-89
Let g(r) = r**3 - 427*r**2 - 1362*r + 399733. Calculate g(428).
-19
Let l(a) = -598*a + 1751. What is l(3)?
-43
Let v(t) = -242679*t - 728079. What is v(-3)?
-42
Let o(j) = 2*j**3 + 27*j**2 + 267*j + 4195. What is o(-18)?
-3527
Let l(q) = 226*q**2 - 11749*q - 164. Give l(52).
-8
Let t(c) = 8*c**3 - 92*c**2 + 547*c + 9. What is t(6)?
1707
Let s(m) = m**2 + 6797*m + 5811387. Calculate s(-1003).
5
Let n(l) = l**3 + 50*l**2 - 2990*l + 593. Give n(35).
68
Let q(s) = -s**3 - 43*s**2 + 1424*s + 133. Determine q(22).
1
Let v(m) = -2985*m + 659705. What is v(221)?
20
Let b(d) = d**3 + 54*d**2 + 695*d + 401. Determine b(-34).
-109
Let l(k) = 2*k**3 - 164*k**2 + 2433*k - 6348. Give l(15).
-3
Let q(r) = 5*r**2 - 1158*r - 27113. What is q(253)?
-42
Let s(o) = 2298*o - 121789. What is s(53)?
5
Let r(g) = -3*g**2 + 1162*g + 190238. Determine r(-124).
22
Let b(p) = 2*p**2 + 23136*p - 2074959. Give b(89).
-13
Let i(u) = -2*u**2 + 903*u + 115643. Give i(-104).
99
Let g(h) = -3021*h - 4628157. Determine g(-1532).
15
Let s(m) = m**2 + 718*m + 65365. Determine s(-107).
-12
Let u(b) = 2*b**3 - 11*b**2 + 100*b - 633. Determine u(6).
3
Let s(n) = 224*n + 10552. Calculate s(-49).
-424
Let i(v) = -5764*v - 403536. Determine i(-70).
-56
Let i(z) = -z**3 - 17*z**2 - 35*z - 21. Determine i(-7).
-266
Let h(r) = r**3 - r**2 - 697*r + 4271. Determine h(6).
269
Let p(r) = -11*r**3 - 58*r**2 - 3*r + 43. Calculate p(-8).
1987
Let i(z) = 2*z**3 - 418*z**2 - 452*z + 6796. What is i(210)?
76
Let c(k) = 8222*k + 3009249. Determine c(-366).
-3
Let i(c) = 1570*c**2 + 40*c - 39. Determine i(1).
1571
Let i(q) = -2*q**3 - 224*q**2 + 1440*q - 282. Determine i(6).
-138
Let r(m) = 422432*m - 2534592. Give r(6).
0
Let p(l) = -2*l**3 + 1609*l**2 + 4281*l - 198541. What is p(807)?
-19
Let w(y) = y**3 + 123*y**2 + 710*y + 194. Calculate w(-117).
-742
Let b(n) = 713*n - 109759. Determine b(154).
43
Let p(z) = z**3 - 15*z**2 + 33*z + 108. Calculate p(7).
-53
Let w(s) = s**2 + 49*s - 4449. Determine w(35).
-1509
Let h(r) = -28*r**2 - 407*r + 411. Determine h(1).
-24
Let o(l) = -13*l**2 + 746*l - 305. Calculate o(57).
-20
Let y(u) = -191*u - 4904. What is y(-26)?
62
Let k(z) = -1275*z**2 + 14031*z - 46. What is k(11)?
20
Let d(n) = 56*n**3 + 34*n**2 - 129*n - 398. Calculate d(-2).
-452
Let m(c) = c**3 - 22*c**2 - 249*c + 86. Give m(-8).
158
Let q(h) = -3376*h + 60711. Give q(18).
-57
Let x(u) = -u**3 + 282*u**2 + 5425*u + 450. Determine x(-18).
0
Let a(t) = 5*t**2 + 723*t + 976. Calculate a(-143).
-168
Let g(j) = -3625*j + 50728. Calculate g(14).
-22
Let j(a) = -1125*a - 30390. What is j(-27)?
-15
Let r(u) = 21*u**2 - 78*u + 542. Determine r(6).
830
Let x(f) = -488*f + 319. What is x(0)?
319
Let d(a) = -112*a**2 - 1281*a + 14451. What is d(7)?
-4
Let t(b) = -b**3 - 61*b**2 - 938*b - 548. What is t(-26)?
180
Let l(n) = -n**3 - 175*n**2 + 714*n - 363. Give l(-179).
-5
Let v(m) = -m**2 + 28*m + 815. Give v(17).
1002
Let w(i) = 17*i**3 - 276*i**2 - 218*i - 29. Determine w(17).
22
Let u(i) = -5580*i + 38984. Give u(7).
-76
Let y(n) = -5*n**2 + 2529*n + 154220. Determine y(-55).
0
Let k(p) = -23*p**2 + 289*p - 1175. Give k(4).
-387
Let k(w) = w**3 - 6*w**2 - 6136*w - 47506. Give k(-71).
-7
Let p(d) = -4*d**3 - 309*d**2 + 240*d + 720. Calculate p(-78).
252
Let a(c) = 1447*c - 164990. Give a(114).
-32
Let n(x) = -42428*x + 424160. Give n(10).
-120
Let i(y) = -4*y**3 + 8*y**2 - 33*y - 270. Determine i(-7).
1725
Let w(j) = 2149*j - 12974. Calculate w(6).
-80
Let w(h) = h**3 + 54*h**2 + 581*h + 12. What is w(-13)?
-612
Let z(d) = -11*d**2 + 207124*d - 207123. What is z(1)?
-10
Let v(n) = -n**3 + 287*n**2 + 1748*n + 330. Calculate v(-6).
390
Let v(s) = 56503*s + 226126. What is v(-4)?
114
Let a(q) = -6*q**3 - 269*q**2 + 85*q + 2546. What is a(-45)?
746
Let d(o) = 2*o**2 - 988*o - 9629. Determine d(-10).
451
Let j(d) = 1285*d + 165850. Determine j(-129).
85
Let s(k) = 6086*k + 523406. Give s(-86).
10
Let a(h) = 9*h**2 - 555*h + 8457. Determine a(28).
-27
Let s(i) = -60236*i + 1927527. What is s(32)?
-25
Let k(h) = 353*h**2 - 6355*h + 8. What is k(18)?
-10
Let q(l) = 895*l + 3502. What is q(-4)?
-78
Let v(g) = 2*g**2 + 1375*g + 152486. Give v(-139).
3
Let j(v) = 2006*v - 13750. What is j(6)?
-1714
Let u(n) = n**3 - 26*n**2 + 385*n - 3949. Calculate u(17).
-5
Let z(p) = -369*p**2 + 416*p + 33. Determine z(2).
-611
Let g(j) = 139*j**3 - 9*j**2 - 105*j - 96. Give g(-1).
-139
Let y(s) = 234*s + 20990. Calculate y(-90).
-70
Let q(k) = 431*k + 2284. Calculate q(-6).
-302
Let q(k) = -685*k - 12280. Calculate q(-18).
50
Let f(a) = -a**3 + 55*a**2 - 206*a + 5. Determine f(4).
-3
Let q(b) = -4*b**3 + 25*b**2 + 52*b - 479. What is q(5)?
-94
Let w(m) = 239061*m + 9084312. Determine w(-38).
-6
Let l(c) = 3*c**3 - 103*c**2 + 363*c - 13. Determine l(4).
-17
Let c(z) = -984*z**2 + 716*z. Calculate c(1).
-268
Let g(w) = -2*w**2 - 625*w + 4329. Determine g(7).
-144
Let z(c) = 2202*c - 216049. Give z(98).
-253
Let j(w) = -w**2 - 5*w + 13305. Give j(113).
-29
Let r(h) = 2*h**3 - 106*h**2 + 228*h - 15601. Determine r(54).
2543
Let u(g) = 11*g**3 + 5*g**2 + 208*g + 397. Determine u(-2).
-87
Let w(j) = 4*j**3 + 185*j**2 + 1554*j + 39. What is w(-35)?
774
Let b(t) = -1844*t + 82992. Give b(45).
12
Let h(b) = 365*b + 309875. Give h(-849).
-10
Let x(q) = -861*q + 100. Determine x(0).
100
Let c(o) = 1767*o + 86554. Determine c(-49).
-29
Let k(x) = 18